9).
95
Evaluate 24 + -2 - (2325 + -2251).
-52
Calculate -73 + 15 + -63 + 185.
64
4 - (5 + (9 - (1 + 11)) + -33)
35
Calculate -1 + -20 + (10 - (33 - 15)) + 3.
-26
What is the value of -14 + -30 + 21 + -18 + 72?
31
(771 - 746) + (63 - (1 + -5))
92
What is the value of -98 + -5 + 21 + 21 + 8 + -37?
-90
Calculate 38 + -24 - (2 - -1) - (60 + -40 - 16).
7
5 + 11 + -5 - ((417 - 270) + -7 + 1)
-130
What is -41 + 33 + 25 + -32?
-15
What is -23 - (-236 - -65 - -95)?
53
(76 - (111 + 37)) + 52
-20
(-1 - (5 - 4)) + 49 + -88 + 13
-28
Calculate (-8 - -13) + 15 + -9 + 3 - 59.
-45
Calculate (-51 - -5) + (-6 - -8) - (-39 - -38).
-43
What is -18 + 50 + (-19 - 33)?
-20
Calculate 36 + -36 - (17 - -3) - -1.
-19
Calculate -134 - -120 - (0 - (6 - 2) - 62).
52
Evaluate 14 + -2 + (10 + -7 + 1 - 10) + 19.
25
What is (43 - (-13 + 74)) + -50?
-68
What is (9 - (28 + (-13 + 6 - 7))) + (2 - -104)?
101
Calculate -17 - (0 - 8) - (-1 + -68 + (-4 - -1)).
63
Calculate -105 + 137 - (23 + 1).
8
What is 0 + -6 - (-11 + 15 + (-21 - 16))?
27
108 - ((-20 - -85) + -1)
44
What is the value of (38 - 25) + -24 + 16 + 148 + (0 - 0)?
153
143 + -133 + (-6 - -2)
6
11 + (-1 + 4 - -20) + -131 + 133
36
Calculate (-13 - (1 - (27 - (22 - 8)))) + 3.
2
What is (20 - (18 - 42)) + 30 - -11?
85
Calculate -2 + 58 + (-73 - (-10 + -53)).
46
Calculate -15 + 3 + (-7 - -2) + 557 + -627.
-87
What is -26 + (216 + -78 - 115)?
-3
Calculate 6 - (4 - (-14 - 1)) - -21.
8
Calculate -145 - -164 - ((-1 + -84 - 2) + -12).
118
-49 + 9 - -13 - -35 - (-22 - -1)
29
Calculate (-11 - 35) + 49 + -24.
-21
Calculate (-19 - (-5 - (-29 - -14) - 20)) + 40.
31
(11 - (24 - 19 - (-15 + 4))) + (4 - -37)
36
(-32 - -21) + 6 - ((64 - 3) + (2 - 2))
-66
What is -1 + -1 + -6 + (-16 - 0) + -14 + -9?
-47
What is 14 + (-11 - -21) - 30 - (0 - 2 - -9)?
-13
17 + (-12 - 3) - (5 + -13 - 0) - -7
17
Evaluate -41 + 25 + 5 + 0 + -9 + -12.
-32
What is the value of 0 + -71 - (587 - 630)?
-28
What is 30 - (-132 - (6 - 84))?
84
Evaluate -66 - (-163 - (-76 - -15)).
36
Calculate 70 + 5 - (-7 - (0 - (4 - -8))).
70
3 - (-1 - (-3 + 8)) - (70 + -28)
-33
Calculate 7 - 31 - -40 - (-45 - -1) - (10 - 4).
54
Evaluate -274 - -316 - (-1 - -51).
-8
What is 33 + (-45 - 39) + 50?
-1
Calculate -51 - (-56 - (76 - 58)).
23
58 - (-5 - (1 - 47)) - (85 + -1)
-67
What is (0 - 10) + (27 + -36 - -35 - 2) + -14?
0
What is -11 + -3 + (29 - -31 - 26) + -9?
11
-3 + 4 + -23 + 15 + -22 + 0
-29
What is the value of 93 + (-144 - -92) - (2 + 0)?
39
(0 - (8 - (10 + -6)) - -4) + -5 + 4
-1
Evaluate (63 - (24 - -3)) + 23 - -2.
61
What is the value of (-39 - (-44 - -22)) + 56 + 14 - -1?
54
What is the value of -13 - (-79 + (7 + -7 - -17 - (-24 - -37)))?
62
-26 - (-9 + (41 - 19) + -16)
-23
Evaluate -23 - (-132 + 152 + (2 - 33)) - (-1 - 105).
94
Evaluate 45 + 6 + -22 + -24.
5
Evaluate 5 + 32 + 2 - (1 + 16 + -5).
27
-4 + 9 - (166 + -156)
-5
Evaluate 1 - 21 - (-6 + -1 + -24).
11
What is -24 + -1 + (-177 - (121 - 395))?
72
Calculate -24 + 55 - 78 - -8.
-39
Calculate (-4 + -1 - 6 - (37 - 99)) + (5 - -3).
59
What is the value of 52 - 3 - ((2 - 4 - 4) + (-234 - -248))?
41
What is the value of (-47 - -6 - -12) + 22 + (-22 - -3)?
-26
What is the value of -79 + 178 - (71 + 79)?
-51
Calculate -26 - 20 - (10 - -7 - 4).
-59
What is -1 - -103 - (21 - (-11 - 11) - 49)?
108
What is the value of (142 - 138) + 3 + (-51 - (-5 + 2))?
-41
Evaluate -11 + 0 + (55 + 5 - (9 - 12)).
52
What is -36 - (-6 - (-15 - -53))?
8
What is the value of -15 + (2 - 4) + (24265 - 24299)?
-51
Evaluate -2 + 4 + (25 - (60 - 4 - 4)).
-25
What is 701 + -703 - (-2 + 1 + 9) - (-12 + 6)?
-4
(-1 - (-7 + 4)) + -18 - (193 + -197) - -37
25
What is the value of (61 + 0 - (40 - (90 + -60))) + 7?
58
Calculate (4 - (-88 + -5 + 11)) + (-4 - -46) + -28.
100
What is -19 - -2 - (7 + (-20 - (4 - 11)))?
-11
Evaluate 69 + 1 - (-45 - (-26 + 45) - -56).
78
Evaluate 7 + (-3 - (3 + (-13 - (11 + -8)) - -12)).
5
115 + -127 + (-63 - -138)
63
20 + (-16 - (-8 + 31)) - -17 - (2 - -1)
-5
Evaluate (124 - (-35 + 94)) + -32.
33
Calculate -9 + 37 + -16 + 41 + 1.
54
What is (38 - 26 - -56 - 6) + -23?
39
(6 - 0) + (-11 + 24 - 12) + 6 + 26
39
What is -47 + 9 - (-10 - -1) - (-12 + 26 + -9)?
-34
Evaluate -15 - ((13 - 13) + -7 + -1 + -2 + 2).
-7
-17 - (0 - -4) - (223 - 248)
4
What is 18 - (70 - (-13 - (-28 + 14)))?
-51
What is the value of 10 - (16 + 10 + 4 + -10) - (21 - -4)?
-35
16 - (-10 + (148 - 168) + (131 - -1))
-86
Evaluate -80 + 1 + (-3865 - -3896).
-48
What is the value of -17 - (-81 - 53 - -68)?
49
35 - (38 + -12) - 7 - 24
-22
What is the value of (13 + -29 - ((-9 - -24) + -30)) + -45 + -2?
-48
Calculate -203 + (23 - -39) + 137.
-4
Calculate 3 + (-74 - (-1 - -11)) + (1 - -3 - -5).
-72
What is the value of (63 + -103 + 4 - (0 + 16)) + 1 + -8?
-59
Evaluate -18 + 54 - (42 - (-30 - -139)).
103
What is 23 + (-199 - -159) + (0 - 4)?
-21
Evaluate -4 + 69 + (-25 - -2) - 24.
18
What is the value of -39 + 48 + 29 + 4?
42
What is the value of 13 + -16 - ((1 - (8 - (2 - -4))) + 48)?
-50
Evaluate ((40 - 11) + -31 - -9) + -1 + -1 - 52.
-47
Calculate 0 - (4 + (-2 - (10 - 14 - -3))).
-3
Evaluate -8 - (13 - (0 - 4)) - -7.
-18
Calculate -19 - (-79 + -10 + 6 + 8).
56
What is (1 + 7 - 2) + (-1122 - -1198 - (29 - -1))?
52
Evaluate 87 - (16 - (-133 - -92)).
30
Calculate (2 + -14 + 13 - 10) + 3 + 25.
19
Calculate 3 + (-10 - -18) + -5 - 42 - -5.
-31
Calculate 2657 + -2618 + -11 + 1 + (3 - 4).
28
13 + (-1 - ((0 - -1 - 6) + 7))
10
What is 25 - 102 - -10 - 15?
-82
Evaluate 8 + (-13 - -9) + -5 + -41 - 5.
-47
(-14 - -34) + -115 + 104
9
What is the value of 16 + (44 - 56) - -45?
49
Evaluate -41 - (1 + 3 + -8 - (-175 + 169)).
-43
(56 + -114 - -77) + (-1 - -23)
41
What is the value of 11 + 0 + 4 + (70 - 140)?
-55
Calculate 49 - (-62 + 104 + 8).
-1
Calculate 47 + (-92 - -68) + (-10 + -1 - 1) - -59.
70
27 + 53 + -18 + (44 - 48)
58
Evaluate 2 + (-2668 + 2657 - (40 + (0 - -1))).
-50
Calculate 30 - (25 + 27 + -31).
9
What is the value of 137 + (3 - 104) + 0 + 21?
57
What is -33 + 18 + -30 + 0 + 20?
-25
What is -2 + 14 + (9 - 15) + (-10 - -44)?
40
What is (21 - 1) + -5 + (-3 + -4 - (-35 - -31))?
12
What is -2 - -4 - -102 - ((325 - 338) + 19 + 1)?
97
Evaluate (118 - 76) + (-89 - -8).
-39
What is the value of 16 + -33 - (-37 + 46 + 13 + -6)?
-33
What is the value of 9 + -14 + 72 - 51?
16
Evaluate -11 - (-13 - (6 + 1)) - (-18 - 2).
29
14 - (-1 + -8 - -10) - (46 - 9)
-24
What is (-1 - -12) + 54 + 0 + (-8 - -28 - 7)?
78
What is the value of 20 + 14 + 6 + (6 - 1) + 5 + -1?
49
Calculate 6268 + -6240 - (-35 + 0).
63
What is -140 - -79 - (7 + 1 - (-156 + 153))?
-72
-8 + -5 - (-22 - -12)
-3
Evaluate 52 - (-3 - (18 - 16) - -15).
42
What is (3654 - 3656 - (-5 - (-1 + -2 - 0))) + 115?
115
26 - (28 + 0) - -24 - -5
27
What is 11 + 15 - 4 - (-16 + -4)?
42
(8 - 7) + -32 - -56
25
Evaluate ((-42 - -10) + 0 - 37) + -18.
-87
1 + -28 + 11 + 2 + -12
-26
What is 1 + 2 + 12 + 54 + -31?
38
What is 17 + (-3 - -10) + -110 + 100?
14
What is the value of 47 + 0 + -12 + 15 + -14 + 9 + 8?
53
Calculate (-720 - -683) + (1 - -26).
-10
What is the value of 6 + -159 + -208 + 236?
-125
What is 2073 - 2065 - (-1 - (-5 - -1))?
5
Evaluate 3 - -9 - (36 + 8) - -15.
-17
Evaluate (-6 - (-1 - 12)) + -28 + 49 + 17.
45
What is the value of -26 - (105 - 78) - -65?
12
What is 39 + -50 + 0 + -3 + -7?
-21
What is the value of 234 + -214 - (-3 - -24) - (1 + 18 + 0)?
-20
Evaluate 84 + -1 - (-65 - -102).
46
Evaluate 11 - (28 - (12 - (-64 - -22))).
37
Calculate (25 - (-21 + 39)) + -71 - -24.
-40
What is 12 + 4 + -1 + -15 - 11 - (1 + 1)?
-13
What is 16 + (-16 - -9 - 1) + 4 + (-7 - 0)?
5
What is (33 - 67) + -96 - -182?
52
Evaluate -90 + 26 + -52 + 30 + 11.
-75
Calculate -5 - (94 - (-6 + 10 - 15)) - (1 + -10).
-101
What is the value of -33 - (-3 - (5 - 11)) - 3?
-39
Evaluate 23 - ((-98 - -270) + -44).
-105
Evaluate -208 - -249 - (-10 + 15).
36
(31 - (44 + (-41 - 27))) + -8 + (-1 - 0)
46
What is -89 - (-13 + -18) - (27 - 29)?
-56
Evaluate -33 + 13 - (-19 + -7) - -32.
38
What is -19 + 44 - -5 - 32?
-2
What is (3 - -6) + -6 + -33 + (62 - 32) - -74?
74
(333 - 315) + 3 + 0 + 21
42
Evaluate -22 - ((-34 - -40) + 93 + -6) - (0 - 4).
-111
Calculate -2 - (-1 + -4 - -2).
1
-74 + 4 + -2 + -6 + (15 - 10 - -2)
-71
Calculate (14 - (-112 - -55)) + -158.
-87
Calculate 5 + -5 